{"id":22,"date":"2015-09-21T20:12:05","date_gmt":"2015-09-21T18:12:05","guid":{"rendered":"http:\/\/heilpraxis-roetzer.de\/?page_id=22"},"modified":"2016-03-28T09:32:40","modified_gmt":"2016-03-28T07:32:40","slug":"mehr-ueber-die-phytotherapie","status":"publish","type":"page","link":"https:\/\/heilpraxis-roetzer.de\/?page_id=22","title":{"rendered":"Mehr \u00fcber die Phytotherapie"},"content":{"rendered":"<h2><img loading=\"lazy\" decoding=\"async\" class=\"size-full wp-image-239 alignnone\" src=\"http:\/\/heilpraxis-roetzer.de\/wp-content\/uploads\/2015\/09\/Arnkia_choped.png\" alt=\"Arnkia_choped\" width=\"1018\" height=\"310\" srcset=\"https:\/\/heilpraxis-roetzer.de\/wp-content\/uploads\/2015\/09\/Arnkia_choped.png 1018w, https:\/\/heilpraxis-roetzer.de\/wp-content\/uploads\/2015\/09\/Arnkia_choped-300x91.png 300w, https:\/\/heilpraxis-roetzer.de\/wp-content\/uploads\/2015\/09\/Arnkia_choped-768x234.png 768w\" sizes=\"auto, (max-width: 1018px) 100vw, 1018px\" \/><\/h2>\n<h2>Mehr \u00fcber die Phytotherapie<\/h2>\n<div style=\"width: 88%;\">\n<p style=\"text-align: justify;\">Die Phytotherapie auf Basis der Spagyrik vereint die Potenziale aus der Phytotherapie, der Hom\u00f6opathie, der Bachbl\u00fcten-Therapie und der Therapie mit Sch\u00fc\u00dfler-Salzen.<\/p>\n<p style=\"text-align: justify;\"><strong>Wie entstehen die Essenzen?<\/strong><br \/>\nDie nach dem spagyrischen Prinzip hergestellten Essenzen werden \u00fcberwiegend aus heimischen Pflanzen gewonnen. Der aus dem Griechischen stammende Begriff Spagyrik bedeutet so viel wie trennen und wieder zusammenf\u00fchren.<\/p>\n<p style=\"text-align: justify;\">Die Pflanze wird in einem ersten Schritt in ihre Aspekte aufgespalten:<\/p>\n<ul style=\"text-align: justify;\">\n<li>Geist alkoholischer Auszug durch Destillation<\/li>\n<li>Seele \u00e4therische \u00d6le aus dem Wasserdampf<\/li>\n<li>K\u00f6rper Veraschung der getrockneten Pflanzenteile zur Gewinnung der darin enthaltenen Mineralien<\/li>\n<\/ul>\n<p style=\"text-align: justify;\">In einem zweiten Schritt werden diese Bestandteile dann wieder zusammengef\u00fchrt.<\/p>\n<p style=\"text-align: justify;\">Aufgrund des Aufbereitungsverfahrens enthalten diese Pflanzenessenzen ein hohes Potenzial, das unsere geistigen, seelischen und k\u00f6rperlichen Heilkr\u00e4fte freisetzt. Die Essenzen der einzelnen Pflanzen werden nach dem von Dr. Zimbel definierten Herstellungsprozess aufbereitet. Das Verfahren ist im hom\u00f6opathischen Arzneibuch beschrieben.<\/p>\n<p style=\"text-align: justify;\"><strong>Wann und wie werden die Essenzen eingesetzt?<\/strong><br \/>\nDie Essenzen werden je nach Krankheitsbild und Patientenanamnese individuell gemischt und haben somit einen hohen Wirkungsgrad.<\/p>\n<p style=\"text-align: justify;\">Ihr Einsatzgebiet ist breit gef\u00e4chert.<\/p>\n<ul style=\"text-align: justify;\">\n<li>Allergien<\/li>\n<li>Hautprobleme<\/li>\n<li>Erkrankungen des Magen-Darmtraktes<\/li>\n<li>Schutz des Herz-Kreislaufsystems<\/li>\n<li>Niere und Blase<\/li>\n<li>Atemwege<\/li>\n<\/ul>\n<p style=\"text-align: justify;\">Hier sind nur einige Anwendungsgebiete genannt, die mit der Phytotherapie behandelt werden k\u00f6nnen.<\/p>\n<p style=\"text-align: justify;\">Sie eignet sich auch f\u00fcr <strong>Entgiftungskuren<\/strong>.<\/p>\n<p style=\"text-align: justify;\"><strong>St\u00e4rkt K\u00f6rper, Seele und Geist.<\/strong><\/p>\n<div style=\"text-align: left; float: left;\"><a href=\"http:\/\/heilpraxis-roetzer.de\/?p=20\">Zur\u00fcck zur Phytotherapie<\/a><\/div>\n<div style=\"text-align: right;\"><a href=\"http:\/\/heilpraxis-roetzer.de\/?p=10\">Zur\u00fcck zum Therapieangebot<\/a><\/div>\n<\/div>\n","protected":false},"excerpt":{"rendered":"<p>Mehr \u00fcber die Phytotherapie Die Phytotherapie auf Basis der Spagyrik vereint die Potenziale aus der Phytotherapie, der Hom\u00f6opathie, der Bachbl\u00fcten-Therapie und der Therapie mit Sch\u00fc\u00dfler-Salzen. Wie entstehen die Essenzen? Die nach dem spagyrischen Prinzip hergestellten Essenzen werden \u00fcberwiegend aus heimischen Pflanzen gewonnen. Der aus dem Griechischen stammende Begriff Spagyrik bedeutet so viel wie trennen und [&hellip;]<\/p>\n","protected":false},"author":1,"featured_media":0,"parent":20,"menu_order":0,"comment_status":"closed","ping_status":"closed","template":"","meta":{"footnotes":""},"class_list":["post-22","page","type-page","status-publish","hentry"],"_links":{"self":[{"href":"https:\/\/heilpraxis-roetzer.de\/index.php?rest_route=\/wp\/v2\/pages\/22","targetHints":{"allow":["GET"]}}],"collection":[{"href":"https:\/\/heilpraxis-roetzer.de\/index.php?rest_route=\/wp\/v2\/pages"}],"about":[{"href":"https:\/\/heilpraxis-roetzer.de\/index.php?rest_route=\/wp\/v2\/types\/page"}],"author":[{"embeddable":true,"href":"https:\/\/heilpraxis-roetzer.de\/index.php?rest_route=\/wp\/v2\/users\/1"}],"replies":[{"embeddable":true,"href":"https:\/\/heilpraxis-roetzer.de\/index.php?rest_route=%2Fwp%2Fv2%2Fcomments&post=22"}],"version-history":[{"count":9,"href":"https:\/\/heilpraxis-roetzer.de\/index.php?rest_route=\/wp\/v2\/pages\/22\/revisions"}],"predecessor-version":[{"id":314,"href":"https:\/\/heilpraxis-roetzer.de\/index.php?rest_route=\/wp\/v2\/pages\/22\/revisions\/314"}],"up":[{"embeddable":true,"href":"https:\/\/heilpraxis-roetzer.de\/index.php?rest_route=\/wp\/v2\/pages\/20"}],"wp:attachment":[{"href":"https:\/\/heilpraxis-roetzer.de\/index.php?rest_route=%2Fwp%2Fv2%2Fmedia&parent=22"}],"curies":[{"name":"wp","href":"https:\/\/api.w.org\/{rel}","templated":true}]}}