{"id":18,"date":"2015-09-21T20:09:57","date_gmt":"2015-09-21T18:09:57","guid":{"rendered":"http:\/\/heilpraxis-roetzer.de\/?page_id=18"},"modified":"2016-03-28T09:31:15","modified_gmt":"2016-03-28T07:31:15","slug":"mehr-ueber-die-colon-hydro-therapie","status":"publish","type":"page","link":"https:\/\/heilpraxis-roetzer.de\/?page_id=18","title":{"rendered":"Mehr \u00fcber die Colon-Hydro-Therapie"},"content":{"rendered":"<h2><img loading=\"lazy\" decoding=\"async\" class=\"alignleft size-full wp-image-298\" src=\"http:\/\/heilpraxis-roetzer.de\/wp-content\/uploads\/2016\/03\/Stadien_des_L\u00f6wenzahn_choped_1000_400.jpg\" alt=\"Stadien_des_L\u00f6wenzahn_choped_1000_400\" width=\"1000\" height=\"400\" srcset=\"https:\/\/heilpraxis-roetzer.de\/wp-content\/uploads\/2016\/03\/Stadien_des_L\u00f6wenzahn_choped_1000_400.jpg 1000w, https:\/\/heilpraxis-roetzer.de\/wp-content\/uploads\/2016\/03\/Stadien_des_L\u00f6wenzahn_choped_1000_400-300x120.jpg 300w, https:\/\/heilpraxis-roetzer.de\/wp-content\/uploads\/2016\/03\/Stadien_des_L\u00f6wenzahn_choped_1000_400-768x307.jpg 768w\" sizes=\"auto, (max-width: 1000px) 100vw, 1000px\" \/><\/h2>\n<h2>Mehr \u00fcber die Colon-Hydro-Therapie<\/h2>\n<div style=\"width: 83%;\">\n<p style=\"text-align: justify;\"><strong>Was macht der Darm?<\/strong><br \/>\nDer Darm ist das gr\u00f6\u00dfte immunologische Organ unseres K\u00f6rpers. Au\u00dferdem sorgt er daf\u00fcr, dass alles, was wir essen, so aufbereitet wird, dass die K\u00f6rperzellen die N\u00e4hrstoffe aufnehmen k\u00f6nnen. Und nicht zuletzt befreit der Darm unseren K\u00f6rper von all dem, was er nicht mehr braucht oder was ihm schadet. Viele Millionen Nervenzellen steuern die Vorg\u00e4nge im Darm.<\/p>\n<p style=\"text-align: justify;\">Wird der Darm in seiner Funktion beeintr\u00e4chtigt, kann dies zu einer Vielzahl von Krankheiten f\u00fchren.<\/p>\n<p style=\"text-align: justify;\"><strong>Wie funktioniert die Colon-Hydro-Therapie?<\/strong><br \/>\nEinl\u00e4ufe geh\u00f6rten schon im Mittelalter zu den wichtigsten Heilma\u00dfnahmen bei verschiedenen Erkrankungen und Unwohlsein. Mit ihrer Hilfe wurden die Patienten von Unreinheiten und \u201eschlechten K\u00f6rpers\u00e4ften\u201c befreit.<\/p>\n<p style=\"text-align: justify;\">Bei der Colon-Hydro-Therapie liegt der Patient bequem und zugedeckt auf dem R\u00fccken. \u00dcber ein geschlossenes System wird durch ein Kunststoffr\u00f6hrchen warmes Wasser in den Dickdarm gesp\u00fclt, das die Muskulatur lockert und die Darmperistaltik anregt. \u00dcber einen ausleitenden Schlauch wird der gel\u00f6ste Darminhalt direkt in den Abfluss entsorgt, hygienisch und v\u00f6llig geruchsfrei.<\/p>\n<p style=\"text-align: justify;\"><strong>Wie hilft die Colon-Hydro-Therapie?<\/strong><br \/>\nDie Colon-Hydro-Therapie ist eine wirksame Methode, um auf nat\u00fcrliche Weise den Dickdarm zu reinigen und zu entgiften. Sie regt die nat\u00fcrliche Darmperistaltik an und befreit so den Darm von Ablagerungen, verh\u00e4rtetem Stuhl und Giftstoffen, die durch G\u00e4r- und F\u00e4ulnisprozesse entstehen. Auch sch\u00e4dliche Bakterien und Hefepilze k\u00f6nnen mit der Colon-Hydro-Therapie behandelt werden.<\/p>\n<p style=\"text-align: justify;\">Die Colon-Hydro-Therapie verbessert die Darmflora und st\u00e4rkt so auch das Immunsystem. Und das v\u00f6llig ohne Nebenwirkungen.<\/p>\n<p style=\"text-align: justify;\">Die Colon-Hydro-Therapie ist eine perfekte Erg\u00e4nzung der Lymphologischen Ganzheitstherapie (LGB), um gel\u00f6ste Schlacken auszuleiten.<\/p>\n<p style=\"text-align: justify;\"><strong>Sie f\u00fchlen sich vital und ausgeglichen.<\/strong><\/p>\n<div style=\"text-align: left; float: left;\"><a href=\"http:\/\/heilpraxis-roetzer.de\/?p=16\">Zur\u00fcck zur Colon-Hydro-Therapie<\/a><\/div>\n<div style=\"text-align: right;\"><a href=\"http:\/\/heilpraxis-roetzer.de\/?p=10\">Zur\u00fcck zum Therapieangebot<\/a><\/div>\n<\/div>\n","protected":false},"excerpt":{"rendered":"<p>Mehr \u00fcber die Colon-Hydro-Therapie Was macht der Darm? Der Darm ist das gr\u00f6\u00dfte immunologische Organ unseres K\u00f6rpers. Au\u00dferdem sorgt er daf\u00fcr, dass alles, was wir essen, so aufbereitet wird, dass die K\u00f6rperzellen die N\u00e4hrstoffe aufnehmen k\u00f6nnen. Und nicht zuletzt befreit der Darm unseren K\u00f6rper von all dem, was er nicht mehr braucht oder was ihm [&hellip;]<\/p>\n","protected":false},"author":1,"featured_media":0,"parent":16,"menu_order":0,"comment_status":"closed","ping_status":"closed","template":"","meta":{"footnotes":""},"class_list":["post-18","page","type-page","status-publish","hentry"],"_links":{"self":[{"href":"https:\/\/heilpraxis-roetzer.de\/index.php?rest_route=\/wp\/v2\/pages\/18","targetHints":{"allow":["GET"]}}],"collection":[{"href":"https:\/\/heilpraxis-roetzer.de\/index.php?rest_route=\/wp\/v2\/pages"}],"about":[{"href":"https:\/\/heilpraxis-roetzer.de\/index.php?rest_route=\/wp\/v2\/types\/page"}],"author":[{"embeddable":true,"href":"https:\/\/heilpraxis-roetzer.de\/index.php?rest_route=\/wp\/v2\/users\/1"}],"replies":[{"embeddable":true,"href":"https:\/\/heilpraxis-roetzer.de\/index.php?rest_route=%2Fwp%2Fv2%2Fcomments&post=18"}],"version-history":[{"count":8,"href":"https:\/\/heilpraxis-roetzer.de\/index.php?rest_route=\/wp\/v2\/pages\/18\/revisions"}],"predecessor-version":[{"id":312,"href":"https:\/\/heilpraxis-roetzer.de\/index.php?rest_route=\/wp\/v2\/pages\/18\/revisions\/312"}],"up":[{"embeddable":true,"href":"https:\/\/heilpraxis-roetzer.de\/index.php?rest_route=\/wp\/v2\/pages\/16"}],"wp:attachment":[{"href":"https:\/\/heilpraxis-roetzer.de\/index.php?rest_route=%2Fwp%2Fv2%2Fmedia&parent=18"}],"curies":[{"name":"wp","href":"https:\/\/api.w.org\/{rel}","templated":true}]}}