{"id":12,"date":"2015-09-21T20:06:24","date_gmt":"2015-09-21T18:06:24","guid":{"rendered":"http:\/\/heilpraxis-roetzer.de\/?page_id=12"},"modified":"2016-03-28T09:27:20","modified_gmt":"2016-03-28T07:27:20","slug":"lymphologische-ganzheitstherapie-nach-dr-barth-lgb","status":"publish","type":"page","link":"https:\/\/heilpraxis-roetzer.de\/?page_id=12","title":{"rendered":"Lymphologische Ganzheitstherapie nach Dr. Barth (LGB\u00ae)"},"content":{"rendered":"<p><img loading=\"lazy\" decoding=\"async\" class=\"alignleft size-large wp-image-292\" src=\"http:\/\/heilpraxis-roetzer.de\/wp-content\/uploads\/2015\/09\/Melilotus_sulcata_choped_1200-1024x341.jpg\" alt=\"Melilotus_sulcata_choped_1200\" width=\"955\" height=\"318\" srcset=\"https:\/\/heilpraxis-roetzer.de\/wp-content\/uploads\/2015\/09\/Melilotus_sulcata_choped_1200-1024x341.jpg 1024w, https:\/\/heilpraxis-roetzer.de\/wp-content\/uploads\/2015\/09\/Melilotus_sulcata_choped_1200-300x100.jpg 300w, https:\/\/heilpraxis-roetzer.de\/wp-content\/uploads\/2015\/09\/Melilotus_sulcata_choped_1200-768x256.jpg 768w, https:\/\/heilpraxis-roetzer.de\/wp-content\/uploads\/2015\/09\/Melilotus_sulcata_choped_1200.jpg 1200w\" sizes=\"auto, (max-width: 955px) 100vw, 955px\" \/><\/p>\n<h2><strong>Lymphologische Ganzheitstherapie nach Dr. Barth<\/strong> (LGB<sup>\u00ae<\/sup>)<\/h2>\n<div style=\"width: 83%;\">\n<p style=\"text-align: justify;\"><strong>\u00a0<\/strong>Die Lymphe als ein Teil des Blutserums, ern\u00e4hrt unsere Zellen, Gewebe und Organe mit lebensnotwendigen Vitalstoffen. Gleichzeitig ist sie Entsorger der anfallenden Abfallstoffe aus der Zelle, hat also auch eine entgiftende Funktion.<\/p>\n<p style=\"text-align: justify;\"><strong>\u00a0Lymphblockaden machen krank<\/strong><br \/>\nIst der Lymphfluss behindert, wirkt sich das auf unsere Gesundheit aus. Es kann zu Entz\u00fcndungen und Schmerzen bis hin zu chronischen Erkrankungen und Degenerationen kommen.<\/p>\n<p style=\"text-align: justify;\">Die Ursachen f\u00fcr die Entstehung von Lymphblockaden sind vielf\u00e4ltig. Unausgewogene Ern\u00e4hrung kann ebenso der Grund daf\u00fcr sein, wie physische oder psychische \u00dcberbelastung.<\/p>\n<p style=\"text-align: justify;\"><strong>Behandlung mit LGB<sup>\u00ae<\/sup><\/strong><br \/>\nMit der Lymphologischen Ganzheitstherapie nach Dr. Barth (LGB<sup>\u00ae<\/sup>) k\u00f6nnen tiefgreifende Blockaden manuell gel\u00f6st und die Selbstheilungskr\u00e4fte aktiviert werden.<\/p>\n<p style=\"text-align: justify;\">Beschwerden ausgel\u00f6st zum Beispiel durch<\/p>\n<ul style=\"text-align: justify;\">\n<li>Immunst\u00f6rungen (z.B. Allergien, Abwehrschw\u00e4che, Asthma bronchiale)<\/li>\n<li>Stoffwechselst\u00f6rungen (z.B. \u00dcbergewicht, Hyperlipid\u00e4mie, Nahrungsmittelunvertr\u00e4glichkeiten)<\/li>\n<li>Ungleichgewicht des S\u00e4ure-Basenhaushalt<\/li>\n<li>Arthrosen<\/li>\n<li>Probleme des Magen-Darmtraktes<\/li>\n<li>Lymph\u00f6dem (wenn nicht durch Herzinsuffizienz bedingt)<\/li>\n<\/ul>\n<p style=\"text-align: justify;\">k\u00f6nnen mit der LGB<sup>\u00ae<\/sup> ursachen.- und symptomorientiert behandelt werden.<\/p>\n<div style=\"text-align: left; float: left;\"><a href=\"http:\/\/heilpraxis-roetzer.de\/?p=10\">Zur\u00fcck zum Therapieangebot<\/a><\/div>\n<div style=\"text-align: right;\"><a href=\"http:\/\/heilpraxis-roetzer.de\/?p=14\">Mehr Informationen zur Lymphologische Ganzheitstherapie nach Dr. Barth<\/a><\/div>\n<\/div>\n","protected":false},"excerpt":{"rendered":"<p>Lymphologische Ganzheitstherapie nach Dr. Barth (LGB\u00ae) \u00a0Die Lymphe als ein Teil des Blutserums, ern\u00e4hrt unsere Zellen, Gewebe und Organe mit lebensnotwendigen Vitalstoffen. Gleichzeitig ist sie Entsorger der anfallenden Abfallstoffe aus der Zelle, hat also auch eine entgiftende Funktion. \u00a0Lymphblockaden machen krank Ist der Lymphfluss behindert, wirkt sich das auf unsere Gesundheit aus. Es kann zu [&hellip;]<\/p>\n","protected":false},"author":1,"featured_media":0,"parent":10,"menu_order":0,"comment_status":"closed","ping_status":"closed","template":"","meta":{"footnotes":""},"class_list":["post-12","page","type-page","status-publish","hentry"],"_links":{"self":[{"href":"https:\/\/heilpraxis-roetzer.de\/index.php?rest_route=\/wp\/v2\/pages\/12","targetHints":{"allow":["GET"]}}],"collection":[{"href":"https:\/\/heilpraxis-roetzer.de\/index.php?rest_route=\/wp\/v2\/pages"}],"about":[{"href":"https:\/\/heilpraxis-roetzer.de\/index.php?rest_route=\/wp\/v2\/types\/page"}],"author":[{"embeddable":true,"href":"https:\/\/heilpraxis-roetzer.de\/index.php?rest_route=\/wp\/v2\/users\/1"}],"replies":[{"embeddable":true,"href":"https:\/\/heilpraxis-roetzer.de\/index.php?rest_route=%2Fwp%2Fv2%2Fcomments&post=12"}],"version-history":[{"count":18,"href":"https:\/\/heilpraxis-roetzer.de\/index.php?rest_route=\/wp\/v2\/pages\/12\/revisions"}],"predecessor-version":[{"id":308,"href":"https:\/\/heilpraxis-roetzer.de\/index.php?rest_route=\/wp\/v2\/pages\/12\/revisions\/308"}],"up":[{"embeddable":true,"href":"https:\/\/heilpraxis-roetzer.de\/index.php?rest_route=\/wp\/v2\/pages\/10"}],"wp:attachment":[{"href":"https:\/\/heilpraxis-roetzer.de\/index.php?rest_route=%2Fwp%2Fv2%2Fmedia&parent=12"}],"curies":[{"name":"wp","href":"https:\/\/api.w.org\/{rel}","templated":true}]}}